{"id":7748,"date":"2025-02-27T17:12:19","date_gmt":"2025-02-27T16:12:19","guid":{"rendered":"https:\/\/gstf.org\/events\/nous-courons-pour-le-tibet\/"},"modified":"2025-02-27T17:14:06","modified_gmt":"2025-02-27T16:14:06","slug":"nous-courons-pour-le-tibet","status":"publish","type":"indy-event","link":"https:\/\/gstf.org\/fr\/events\/nous-courons-pour-le-tibet\/","title":{"rendered":"Nous courons pour le Tibet"},"content":{"rendered":"<section class=\"indy-block-section has-white-background-color\">\n      <div class=\"indy-block-section-content\">\n\n<p><a href=\"https:\/\/gstf.org\/fr\/we-run-for-tibet-2025\/\">We Run for Tibet 2025 &#8211; SAST<\/a><\/p>\n\n\n\n<p><a href=\"https:\/\/gstf.org\/fr\/we-run-for-tibet-380-km-non-stop-a-travers-la-suisse-pour-la-solidarite\/\">We Run for Tibet : 380 km de course non-stop \u00e0 travers la Suisse en signe de solidarit\u00e9 &#8211; SAST<\/a><\/p>\n\n\n\n<p>Du <strong>8 au 10 mars 2025<\/strong>, Dominik Kelsang Erne, mi-suisse, mi-tib\u00e9tain et quintuple champion suisse d&rsquo;ultra-running, <strong>parcourra 380 km non-stop de Saint-Gall \u00e0 Gen\u00e8ve<\/strong>, accompagn\u00e9 de coureurs, de politiciens et de personnalit\u00e9s qui le soutiennent. L&rsquo;objectif est d&rsquo;envoyer un signal fort de <strong>solidarit\u00e9 avec le Tibet<\/strong> et d&rsquo;attirer \u00e0 nouveau l&rsquo;attention du public sur le Tibet. <\/p>\n\n\n\n<p><a href=\"https:\/\/werunfortibet.com\/de\/\">Nous courons pour le Tibet &#8211; Courez avec nous pour le Tibet !<\/a><\/p>\n\n<\/div>\n  <\/section>\n","protected":false},"excerpt":{"rendered":"","protected":false},"featured_media":7558,"template":"","class_list":["post-7748","indy-event","type-indy-event","status-publish","has-post-thumbnail","hentry"],"acf":[],"yoast_head":"<!-- This site is optimized with the Yoast SEO plugin v27.3 - https:\/\/yoast.com\/product\/yoast-seo-wordpress\/ -->\n<title>Nous courons pour le Tibet - GSTF<\/title>\n<meta name=\"robots\" content=\"index, follow, max-snippet:-1, max-image-preview:large, max-video-preview:-1\" \/>\n<link rel=\"canonical\" href=\"https:\/\/gstf.org\/fr\/events\/nous-courons-pour-le-tibet\/\" \/>\n<meta property=\"og:locale\" content=\"fr_FR\" \/>\n<meta property=\"og:type\" content=\"article\" \/>\n<meta property=\"og:title\" content=\"Nous courons pour le Tibet - GSTF\" \/>\n<meta property=\"og:url\" content=\"https:\/\/gstf.org\/fr\/events\/nous-courons-pour-le-tibet\/\" \/>\n<meta property=\"og:site_name\" content=\"GSTF\" \/>\n<meta property=\"article:modified_time\" content=\"2025-02-27T16:14:06+00:00\" \/>\n<meta property=\"og:image\" content=\"https:\/\/gstf.org\/wp-content\/uploads\/2025\/02\/DSC1875_kleiner-scaled.jpg\" \/>\n\t<meta property=\"og:image:width\" content=\"2560\" \/>\n\t<meta property=\"og:image:height\" content=\"1708\" \/>\n\t<meta property=\"og:image:type\" content=\"image\/jpeg\" \/>\n<meta name=\"twitter:card\" content=\"summary_large_image\" \/>\n<script type=\"application\/ld+json\" class=\"yoast-schema-graph\">{\"@context\":\"https:\\\/\\\/schema.org\",\"@graph\":[{\"@type\":\"WebPage\",\"@id\":\"https:\\\/\\\/gstf.org\\\/fr\\\/events\\\/nous-courons-pour-le-tibet\\\/\",\"url\":\"https:\\\/\\\/gstf.org\\\/fr\\\/events\\\/nous-courons-pour-le-tibet\\\/\",\"name\":\"Nous courons pour le Tibet - GSTF\",\"isPartOf\":{\"@id\":\"https:\\\/\\\/gstf.org\\\/fr\\\/#website\"},\"primaryImageOfPage\":{\"@id\":\"https:\\\/\\\/gstf.org\\\/fr\\\/events\\\/nous-courons-pour-le-tibet\\\/#primaryimage\"},\"image\":{\"@id\":\"https:\\\/\\\/gstf.org\\\/fr\\\/events\\\/nous-courons-pour-le-tibet\\\/#primaryimage\"},\"thumbnailUrl\":\"https:\\\/\\\/gstf.org\\\/wp-content\\\/uploads\\\/2025\\\/02\\\/DSC1875_kleiner-scaled.jpg\",\"datePublished\":\"2025-02-27T16:12:19+00:00\",\"dateModified\":\"2025-02-27T16:14:06+00:00\",\"breadcrumb\":{\"@id\":\"https:\\\/\\\/gstf.org\\\/fr\\\/events\\\/nous-courons-pour-le-tibet\\\/#breadcrumb\"},\"inLanguage\":\"fr-FR\",\"potentialAction\":[{\"@type\":\"ReadAction\",\"target\":[\"https:\\\/\\\/gstf.org\\\/fr\\\/events\\\/nous-courons-pour-le-tibet\\\/\"]}]},{\"@type\":\"ImageObject\",\"inLanguage\":\"fr-FR\",\"@id\":\"https:\\\/\\\/gstf.org\\\/fr\\\/events\\\/nous-courons-pour-le-tibet\\\/#primaryimage\",\"url\":\"https:\\\/\\\/gstf.org\\\/wp-content\\\/uploads\\\/2025\\\/02\\\/DSC1875_kleiner-scaled.jpg\",\"contentUrl\":\"https:\\\/\\\/gstf.org\\\/wp-content\\\/uploads\\\/2025\\\/02\\\/DSC1875_kleiner-scaled.jpg\",\"width\":2560,\"height\":1708},{\"@type\":\"BreadcrumbList\",\"@id\":\"https:\\\/\\\/gstf.org\\\/fr\\\/events\\\/nous-courons-pour-le-tibet\\\/#breadcrumb\",\"itemListElement\":[{\"@type\":\"ListItem\",\"position\":1,\"name\":\"Startseite\",\"item\":\"https:\\\/\\\/gstf.org\\\/fr\\\/page-daccueil\\\/\"},{\"@type\":\"ListItem\",\"position\":2,\"name\":\"Nous courons pour le Tibet\"}]},{\"@type\":\"WebSite\",\"@id\":\"https:\\\/\\\/gstf.org\\\/fr\\\/#website\",\"url\":\"https:\\\/\\\/gstf.org\\\/fr\\\/\",\"name\":\"GSTF\",\"description\":\"Gesellschaft Schweizerisch-Tibetische Freundschaft\",\"potentialAction\":[{\"@type\":\"SearchAction\",\"target\":{\"@type\":\"EntryPoint\",\"urlTemplate\":\"https:\\\/\\\/gstf.org\\\/fr\\\/?s={search_term_string}\"},\"query-input\":{\"@type\":\"PropertyValueSpecification\",\"valueRequired\":true,\"valueName\":\"search_term_string\"}}],\"inLanguage\":\"fr-FR\"}]}<\/script>\n<!-- \/ Yoast SEO plugin. -->","yoast_head_json":{"title":"Nous courons pour le Tibet - GSTF","robots":{"index":"index","follow":"follow","max-snippet":"max-snippet:-1","max-image-preview":"max-image-preview:large","max-video-preview":"max-video-preview:-1"},"canonical":"https:\/\/gstf.org\/fr\/events\/nous-courons-pour-le-tibet\/","og_locale":"fr_FR","og_type":"article","og_title":"Nous courons pour le Tibet - GSTF","og_url":"https:\/\/gstf.org\/fr\/events\/nous-courons-pour-le-tibet\/","og_site_name":"GSTF","article_modified_time":"2025-02-27T16:14:06+00:00","og_image":[{"width":2560,"height":1708,"url":"https:\/\/gstf.org\/wp-content\/uploads\/2025\/02\/DSC1875_kleiner-scaled.jpg","type":"image\/jpeg"}],"twitter_card":"summary_large_image","schema":{"@context":"https:\/\/schema.org","@graph":[{"@type":"WebPage","@id":"https:\/\/gstf.org\/fr\/events\/nous-courons-pour-le-tibet\/","url":"https:\/\/gstf.org\/fr\/events\/nous-courons-pour-le-tibet\/","name":"Nous courons pour le Tibet - GSTF","isPartOf":{"@id":"https:\/\/gstf.org\/fr\/#website"},"primaryImageOfPage":{"@id":"https:\/\/gstf.org\/fr\/events\/nous-courons-pour-le-tibet\/#primaryimage"},"image":{"@id":"https:\/\/gstf.org\/fr\/events\/nous-courons-pour-le-tibet\/#primaryimage"},"thumbnailUrl":"https:\/\/gstf.org\/wp-content\/uploads\/2025\/02\/DSC1875_kleiner-scaled.jpg","datePublished":"2025-02-27T16:12:19+00:00","dateModified":"2025-02-27T16:14:06+00:00","breadcrumb":{"@id":"https:\/\/gstf.org\/fr\/events\/nous-courons-pour-le-tibet\/#breadcrumb"},"inLanguage":"fr-FR","potentialAction":[{"@type":"ReadAction","target":["https:\/\/gstf.org\/fr\/events\/nous-courons-pour-le-tibet\/"]}]},{"@type":"ImageObject","inLanguage":"fr-FR","@id":"https:\/\/gstf.org\/fr\/events\/nous-courons-pour-le-tibet\/#primaryimage","url":"https:\/\/gstf.org\/wp-content\/uploads\/2025\/02\/DSC1875_kleiner-scaled.jpg","contentUrl":"https:\/\/gstf.org\/wp-content\/uploads\/2025\/02\/DSC1875_kleiner-scaled.jpg","width":2560,"height":1708},{"@type":"BreadcrumbList","@id":"https:\/\/gstf.org\/fr\/events\/nous-courons-pour-le-tibet\/#breadcrumb","itemListElement":[{"@type":"ListItem","position":1,"name":"Startseite","item":"https:\/\/gstf.org\/fr\/page-daccueil\/"},{"@type":"ListItem","position":2,"name":"Nous courons pour le Tibet"}]},{"@type":"WebSite","@id":"https:\/\/gstf.org\/fr\/#website","url":"https:\/\/gstf.org\/fr\/","name":"GSTF","description":"Gesellschaft Schweizerisch-Tibetische Freundschaft","potentialAction":[{"@type":"SearchAction","target":{"@type":"EntryPoint","urlTemplate":"https:\/\/gstf.org\/fr\/?s={search_term_string}"},"query-input":{"@type":"PropertyValueSpecification","valueRequired":true,"valueName":"search_term_string"}}],"inLanguage":"fr-FR"}]}},"_links":{"self":[{"href":"https:\/\/gstf.org\/fr\/wp-json\/wp\/v2\/indy-event\/7748","targetHints":{"allow":["GET"]}}],"collection":[{"href":"https:\/\/gstf.org\/fr\/wp-json\/wp\/v2\/indy-event"}],"about":[{"href":"https:\/\/gstf.org\/fr\/wp-json\/wp\/v2\/types\/indy-event"}],"wp:featuredmedia":[{"embeddable":true,"href":"https:\/\/gstf.org\/fr\/wp-json\/wp\/v2\/media\/7558"}],"wp:attachment":[{"href":"https:\/\/gstf.org\/fr\/wp-json\/wp\/v2\/media?parent=7748"}],"curies":[{"name":"wp","href":"https:\/\/api.w.org\/{rel}","templated":true}]}}

<section class="indy-block-section has-white-background-color">
      <div class="indy-block-section-content">

<p><a href="https://gstf.org/fr/we-run-for-tibet-2025/">We Run for Tibet 2025 &#8211; SAST</a></p>



<p><a href="https://gstf.org/fr/we-run-for-tibet-380-km-non-stop-a-travers-la-suisse-pour-la-solidarite/">We Run for Tibet : 380 km de course non-stop à travers la Suisse en signe de solidarité &#8211; SAST</a></p>



<p>Du <strong>8 au 10 mars 2025</strong>, Dominik Kelsang Erne, mi-suisse, mi-tibétain et quintuple champion suisse d&rsquo;ultra-running, <strong>parcourra 380 km non-stop de Saint-Gall à Genève</strong>, accompagné de coureurs, de politiciens et de personnalités qui le soutiennent. L&rsquo;objectif est d&rsquo;envoyer un signal fort de <strong>solidarité avec le Tibet</strong> et d&rsquo;attirer à nouveau l&rsquo;attention du public sur le Tibet. </p>



<p><a href="https://werunfortibet.com/de/">Nous courons pour le Tibet &#8211; Courez avec nous pour le Tibet !</a></p>

</div>
  </section>
