{"id":7465,"date":"2025-01-21T12:03:40","date_gmt":"2025-01-21T11:03:40","guid":{"rendered":"https:\/\/gstf.org\/products\/sast-calendrier-de-lavent\/"},"modified":"2025-01-21T12:05:15","modified_gmt":"2025-01-21T11:05:15","slug":"sast-calendrier-de-lavent","status":"publish","type":"indy-product","link":"https:\/\/gstf.org\/fr\/products\/sast-calendrier-de-lavent\/","title":{"rendered":"SAST Calendrier de l&rsquo;Avent"},"content":{"rendered":"<div id=\"\" class=\"indy-product\" >\n  <div class=\"indy-product-inner\">\n    <div class=\"product-name\">\n      Calendrier de l&rsquo;Avent D\n    <\/div>\n    <div class=\"product-price\">\n      <span class=\"price-text\">Prix: <\/span><span class=\"cart-currency\">CHF <\/span>5.00\n    <\/div>\n\n    <form class=\"addtobasket-form\" method=\"post\" action=\"\">\n      <input type=\"hidden\" name=\"id\" value=\"GSTF_Adventskalender2024\">\n      <input type=\"hidden\" name=\"product_name\" value=\"Calendrier de l'Avent D\">\n      <input type=\"hidden\" name=\"price\" value=\"5.00\">\n      <input type=\"hidden\" name=\"function\" value=\"add_to_basket\">\n      <label for=\"quantity\">\n        Quantit\u00e9\n      <\/label>\n      <input type=\"number\" id=\"quantity\" name=\"quantity\" value=\"1\" min=\"1\">\n      <button type=\"submit\" name=\"Submit\" class=\"btn add-item\"><span class=\"add-cart-text\">Ajouter au panier<\/span><\/button>\n    <\/form>\n  <\/div>\n<\/div>\n\n\n<p>\u00c0 l&rsquo;approche de No\u00ebl, profitez de notre calendrier de l&rsquo;Avent intemporel SAST Tibet. Disponible toute l&rsquo;ann\u00e9e. Langue : allemand.  <\/p>\n","protected":false},"excerpt":{"rendered":"<p>\u00c0 l&rsquo;approche de No\u00ebl, profitez de notre calendrier de l&rsquo;Avent intemporel SAST Tibet. Disponible toute l&rsquo;ann\u00e9e. Langue : allemand.<\/p>\n","protected":false},"featured_media":4717,"template":"","indy-product-category":[103],"class_list":["post-7465","indy-product","type-indy-product","status-publish","has-post-thumbnail","hentry","indy-product-category-extras-particuliers"],"acf":[],"yoast_head":"<!-- This site is optimized with the Yoast SEO plugin v27.3 - https:\/\/yoast.com\/product\/yoast-seo-wordpress\/ -->\n<title>SAST Calendrier de l&#039;Avent - GSTF<\/title>\n<meta name=\"robots\" content=\"index, follow, max-snippet:-1, max-image-preview:large, max-video-preview:-1\" \/>\n<link rel=\"canonical\" href=\"https:\/\/gstf.org\/fr\/products\/sast-calendrier-de-lavent\/\" \/>\n<meta property=\"og:locale\" content=\"fr_FR\" \/>\n<meta property=\"og:type\" content=\"article\" \/>\n<meta property=\"og:title\" content=\"SAST Calendrier de l&#039;Avent - GSTF\" \/>\n<meta property=\"og:description\" content=\"\u00c0 l&rsquo;approche de No\u00ebl, profitez de notre calendrier de l&rsquo;Avent intemporel SAST Tibet. Disponible toute l&rsquo;ann\u00e9e. Langue : allemand.\" \/>\n<meta property=\"og:url\" content=\"https:\/\/gstf.org\/fr\/products\/sast-calendrier-de-lavent\/\" \/>\n<meta property=\"og:site_name\" content=\"GSTF\" \/>\n<meta property=\"article:modified_time\" content=\"2025-01-21T11:05:15+00:00\" \/>\n<meta property=\"og:image\" content=\"https:\/\/gstf.org\/wp-content\/uploads\/2024\/11\/GSTF_Adventskalender-1024x711.png\" \/>\n\t<meta property=\"og:image:width\" content=\"1024\" \/>\n\t<meta property=\"og:image:height\" content=\"711\" \/>\n\t<meta property=\"og:image:type\" content=\"image\/png\" \/>\n<meta name=\"twitter:card\" content=\"summary_large_image\" \/>\n<script type=\"application\/ld+json\" class=\"yoast-schema-graph\">{\"@context\":\"https:\\\/\\\/schema.org\",\"@graph\":[{\"@type\":\"WebPage\",\"@id\":\"https:\\\/\\\/gstf.org\\\/fr\\\/products\\\/sast-calendrier-de-lavent\\\/\",\"url\":\"https:\\\/\\\/gstf.org\\\/fr\\\/products\\\/sast-calendrier-de-lavent\\\/\",\"name\":\"SAST Calendrier de l'Avent - GSTF\",\"isPartOf\":{\"@id\":\"https:\\\/\\\/gstf.org\\\/fr\\\/#website\"},\"primaryImageOfPage\":{\"@id\":\"https:\\\/\\\/gstf.org\\\/fr\\\/products\\\/sast-calendrier-de-lavent\\\/#primaryimage\"},\"image\":{\"@id\":\"https:\\\/\\\/gstf.org\\\/fr\\\/products\\\/sast-calendrier-de-lavent\\\/#primaryimage\"},\"thumbnailUrl\":\"https:\\\/\\\/gstf.org\\\/wp-content\\\/uploads\\\/2024\\\/11\\\/GSTF_Adventskalender.png\",\"datePublished\":\"2025-01-21T11:03:40+00:00\",\"dateModified\":\"2025-01-21T11:05:15+00:00\",\"breadcrumb\":{\"@id\":\"https:\\\/\\\/gstf.org\\\/fr\\\/products\\\/sast-calendrier-de-lavent\\\/#breadcrumb\"},\"inLanguage\":\"fr-FR\",\"potentialAction\":[{\"@type\":\"ReadAction\",\"target\":[\"https:\\\/\\\/gstf.org\\\/fr\\\/products\\\/sast-calendrier-de-lavent\\\/\"]}]},{\"@type\":\"ImageObject\",\"inLanguage\":\"fr-FR\",\"@id\":\"https:\\\/\\\/gstf.org\\\/fr\\\/products\\\/sast-calendrier-de-lavent\\\/#primaryimage\",\"url\":\"https:\\\/\\\/gstf.org\\\/wp-content\\\/uploads\\\/2024\\\/11\\\/GSTF_Adventskalender.png\",\"contentUrl\":\"https:\\\/\\\/gstf.org\\\/wp-content\\\/uploads\\\/2024\\\/11\\\/GSTF_Adventskalender.png\",\"width\":1307,\"height\":908},{\"@type\":\"BreadcrumbList\",\"@id\":\"https:\\\/\\\/gstf.org\\\/fr\\\/products\\\/sast-calendrier-de-lavent\\\/#breadcrumb\",\"itemListElement\":[{\"@type\":\"ListItem\",\"position\":1,\"name\":\"Startseite\",\"item\":\"https:\\\/\\\/gstf.org\\\/fr\\\/page-daccueil\\\/\"},{\"@type\":\"ListItem\",\"position\":2,\"name\":\"Product\",\"item\":\"https:\\\/\\\/gstf.org\\\/fr\\\/shop\\\/\"},{\"@type\":\"ListItem\",\"position\":3,\"name\":\"SAST Calendrier de l&rsquo;Avent\"}]},{\"@type\":\"WebSite\",\"@id\":\"https:\\\/\\\/gstf.org\\\/fr\\\/#website\",\"url\":\"https:\\\/\\\/gstf.org\\\/fr\\\/\",\"name\":\"GSTF\",\"description\":\"Gesellschaft Schweizerisch-Tibetische Freundschaft\",\"potentialAction\":[{\"@type\":\"SearchAction\",\"target\":{\"@type\":\"EntryPoint\",\"urlTemplate\":\"https:\\\/\\\/gstf.org\\\/fr\\\/?s={search_term_string}\"},\"query-input\":{\"@type\":\"PropertyValueSpecification\",\"valueRequired\":true,\"valueName\":\"search_term_string\"}}],\"inLanguage\":\"fr-FR\"}]}<\/script>\n<!-- \/ Yoast SEO plugin. -->","yoast_head_json":{"title":"SAST Calendrier de l'Avent - GSTF","robots":{"index":"index","follow":"follow","max-snippet":"max-snippet:-1","max-image-preview":"max-image-preview:large","max-video-preview":"max-video-preview:-1"},"canonical":"https:\/\/gstf.org\/fr\/products\/sast-calendrier-de-lavent\/","og_locale":"fr_FR","og_type":"article","og_title":"SAST Calendrier de l'Avent - GSTF","og_description":"\u00c0 l&rsquo;approche de No\u00ebl, profitez de notre calendrier de l&rsquo;Avent intemporel SAST Tibet. Disponible toute l&rsquo;ann\u00e9e. Langue : allemand.","og_url":"https:\/\/gstf.org\/fr\/products\/sast-calendrier-de-lavent\/","og_site_name":"GSTF","article_modified_time":"2025-01-21T11:05:15+00:00","og_image":[{"width":1024,"height":711,"url":"https:\/\/gstf.org\/wp-content\/uploads\/2024\/11\/GSTF_Adventskalender-1024x711.png","type":"image\/png"}],"twitter_card":"summary_large_image","schema":{"@context":"https:\/\/schema.org","@graph":[{"@type":"WebPage","@id":"https:\/\/gstf.org\/fr\/products\/sast-calendrier-de-lavent\/","url":"https:\/\/gstf.org\/fr\/products\/sast-calendrier-de-lavent\/","name":"SAST Calendrier de l'Avent - GSTF","isPartOf":{"@id":"https:\/\/gstf.org\/fr\/#website"},"primaryImageOfPage":{"@id":"https:\/\/gstf.org\/fr\/products\/sast-calendrier-de-lavent\/#primaryimage"},"image":{"@id":"https:\/\/gstf.org\/fr\/products\/sast-calendrier-de-lavent\/#primaryimage"},"thumbnailUrl":"https:\/\/gstf.org\/wp-content\/uploads\/2024\/11\/GSTF_Adventskalender.png","datePublished":"2025-01-21T11:03:40+00:00","dateModified":"2025-01-21T11:05:15+00:00","breadcrumb":{"@id":"https:\/\/gstf.org\/fr\/products\/sast-calendrier-de-lavent\/#breadcrumb"},"inLanguage":"fr-FR","potentialAction":[{"@type":"ReadAction","target":["https:\/\/gstf.org\/fr\/products\/sast-calendrier-de-lavent\/"]}]},{"@type":"ImageObject","inLanguage":"fr-FR","@id":"https:\/\/gstf.org\/fr\/products\/sast-calendrier-de-lavent\/#primaryimage","url":"https:\/\/gstf.org\/wp-content\/uploads\/2024\/11\/GSTF_Adventskalender.png","contentUrl":"https:\/\/gstf.org\/wp-content\/uploads\/2024\/11\/GSTF_Adventskalender.png","width":1307,"height":908},{"@type":"BreadcrumbList","@id":"https:\/\/gstf.org\/fr\/products\/sast-calendrier-de-lavent\/#breadcrumb","itemListElement":[{"@type":"ListItem","position":1,"name":"Startseite","item":"https:\/\/gstf.org\/fr\/page-daccueil\/"},{"@type":"ListItem","position":2,"name":"Product","item":"https:\/\/gstf.org\/fr\/shop\/"},{"@type":"ListItem","position":3,"name":"SAST Calendrier de l&rsquo;Avent"}]},{"@type":"WebSite","@id":"https:\/\/gstf.org\/fr\/#website","url":"https:\/\/gstf.org\/fr\/","name":"GSTF","description":"Gesellschaft Schweizerisch-Tibetische Freundschaft","potentialAction":[{"@type":"SearchAction","target":{"@type":"EntryPoint","urlTemplate":"https:\/\/gstf.org\/fr\/?s={search_term_string}"},"query-input":{"@type":"PropertyValueSpecification","valueRequired":true,"valueName":"search_term_string"}}],"inLanguage":"fr-FR"}]}},"_links":{"self":[{"href":"https:\/\/gstf.org\/fr\/wp-json\/wp\/v2\/indy-product\/7465","targetHints":{"allow":["GET"]}}],"collection":[{"href":"https:\/\/gstf.org\/fr\/wp-json\/wp\/v2\/indy-product"}],"about":[{"href":"https:\/\/gstf.org\/fr\/wp-json\/wp\/v2\/types\/indy-product"}],"wp:featuredmedia":[{"embeddable":true,"href":"https:\/\/gstf.org\/fr\/wp-json\/wp\/v2\/media\/4717"}],"wp:attachment":[{"href":"https:\/\/gstf.org\/fr\/wp-json\/wp\/v2\/media?parent=7465"}],"wp:term":[{"taxonomy":"indy-product-category","embeddable":true,"href":"https:\/\/gstf.org\/fr\/wp-json\/wp\/v2\/indy-product-category?post=7465"}],"curies":[{"name":"wp","href":"https:\/\/api.w.org\/{rel}","templated":true}]}}

<div id="" class="indy-product" >
  <div class="indy-product-inner">
    <div class="product-name">
      Calendrier de l&rsquo;Avent D
    </div>
    <div class="product-price">
      <span class="price-text">Prix: </span><span class="cart-currency">CHF </span>5.00
    </div>

    <form class="addtobasket-form" method="post" action="">
      <input type="hidden" name="id" value="GSTF_Adventskalender2024">
      <input type="hidden" name="product_name" value="Calendrier de l'Avent D">
      <input type="hidden" name="price" value="5.00">
      <input type="hidden" name="function" value="add_to_basket">
      <label for="quantity">
        Quantité
      </label>
      <input type="number" id="quantity" name="quantity" value="1" min="1">
      <button type="submit" name="Submit" class="btn add-item"><span class="add-cart-text">Ajouter au panier</span></button>
    </form>
  </div>
</div>


<p>À l&rsquo;approche de Noël, profitez de notre calendrier de l&rsquo;Avent intemporel SAST Tibet. Disponible toute l&rsquo;année. Langue : allemand.  </p>

<p>À l&rsquo;approche de Noël, profitez de notre calendrier de l&rsquo;Avent intemporel SAST Tibet. Disponible toute l&rsquo;année. Langue : allemand.</p>

<!-- This site is optimized with the Yoast SEO plugin v27.3 - https://yoast.com/product/yoast-seo-wordpress/ -->
<title>SAST Calendrier de l&#039;Avent - GSTF</title>
<meta name="robots" content="index, follow, max-snippet:-1, max-image-preview:large, max-video-preview:-1" />
<link rel="canonical" href="https://gstf.org/fr/products/sast-calendrier-de-lavent/" />
<meta property="og:locale" content="fr_FR" />
<meta property="og:type" content="article" />
<meta property="og:title" content="SAST Calendrier de l&#039;Avent - GSTF" />
<meta property="og:description" content="À l&rsquo;approche de Noël, profitez de notre calendrier de l&rsquo;Avent intemporel SAST Tibet. Disponible toute l&rsquo;année. Langue : allemand." />
<meta property="og:url" content="https://gstf.org/fr/products/sast-calendrier-de-lavent/" />
<meta property="og:site_name" content="GSTF" />
<meta property="article:modified_time" content="2025-01-21T11:05:15+00:00" />
<meta property="og:image" content="https://gstf.org/wp-content/uploads/2024/11/GSTF_Adventskalender-1024x711.png" />
	<meta property="og:image:width" content="1024" />
	<meta property="og:image:height" content="711" />
	<meta property="og:image:type" content="image/png" />
<meta name="twitter:card" content="summary_large_image" />
<script type="application/ld+json" class="yoast-schema-graph">{"@context":"https:\/\/schema.org","@graph":[{"@type":"WebPage","@id":"https:\/\/gstf.org\/fr\/products\/sast-calendrier-de-lavent\/","url":"https:\/\/gstf.org\/fr\/products\/sast-calendrier-de-lavent\/","name":"SAST Calendrier de l'Avent - GSTF","isPartOf":{"@id":"https:\/\/gstf.org\/fr\/#website"},"primaryImageOfPage":{"@id":"https:\/\/gstf.org\/fr\/products\/sast-calendrier-de-lavent\/#primaryimage"},"image":{"@id":"https:\/\/gstf.org\/fr\/products\/sast-calendrier-de-lavent\/#primaryimage"},"thumbnailUrl":"https:\/\/gstf.org\/wp-content\/uploads\/2024\/11\/GSTF_Adventskalender.png","datePublished":"2025-01-21T11:03:40+00:00","dateModified":"2025-01-21T11:05:15+00:00","breadcrumb":{"@id":"https:\/\/gstf.org\/fr\/products\/sast-calendrier-de-lavent\/#breadcrumb"},"inLanguage":"fr-FR","potentialAction":[{"@type":"ReadAction","target":["https:\/\/gstf.org\/fr\/products\/sast-calendrier-de-lavent\/"]}]},{"@type":"ImageObject","inLanguage":"fr-FR","@id":"https:\/\/gstf.org\/fr\/products\/sast-calendrier-de-lavent\/#primaryimage","url":"https:\/\/gstf.org\/wp-content\/uploads\/2024\/11\/GSTF_Adventskalender.png","contentUrl":"https:\/\/gstf.org\/wp-content\/uploads\/2024\/11\/GSTF_Adventskalender.png","width":1307,"height":908},{"@type":"BreadcrumbList","@id":"https:\/\/gstf.org\/fr\/products\/sast-calendrier-de-lavent\/#breadcrumb","itemListElement":[{"@type":"ListItem","position":1,"name":"Startseite","item":"https:\/\/gstf.org\/fr\/page-daccueil\/"},{"@type":"ListItem","position":2,"name":"Product","item":"https:\/\/gstf.org\/fr\/shop\/"},{"@type":"ListItem","position":3,"name":"SAST Calendrier de l&rsquo;Avent"}]},{"@type":"WebSite","@id":"https:\/\/gstf.org\/fr\/#website","url":"https:\/\/gstf.org\/fr\/","name":"GSTF","description":"Gesellschaft Schweizerisch-Tibetische Freundschaft","potentialAction":[{"@type":"SearchAction","target":{"@type":"EntryPoint","urlTemplate":"https:\/\/gstf.org\/fr\/?s={search_term_string}"},"query-input":{"@type":"PropertyValueSpecification","valueRequired":true,"valueName":"search_term_string"}}],"inLanguage":"fr-FR"}]}</script>
<!-- / Yoast SEO plugin. -->

À l&rsquo;approche de Noël, profitez de notre calendrier de l&rsquo;Avent intemporel SAST Tibet. Disponible toute l&rsquo;année. Langue : allemand.
